 = 4*z, 5*l - 685 = l + 3*z. Let a = -1290 + 1325. What is the greatest common factor of a and l?
35
Let y(l) = 4*l**2 - 3*l + 5. Let w(u) = 3 - 1 + u**3 - 23*u + 23*u + 16*u**2. Let j be w(-16). Let q be y(j). Calculate the greatest common factor of 135 and q.
15
Let w(q) = 4*q**2 - 5*q + 2. Let l be w(-6). Let o = -607 - -623. Calculate the highest common factor of o and l.
16
Let s = 12 + 12. Let m(a) be the first derivative of -a**4/2 - 5*a**3/3 + a**2 - 4*a - 1. Let j be m(-4). Calculate the greatest common factor of j and s.
12
Let z be (1 + 3)*4/16 + 1103. Calculate the highest common factor of z and 207.
69
Let o be 4 - ((-3 - 1) + 8). Let g be 6 + -3 + (o - -2). Suppose -2*i = -3*c + 180, 0*c = -g*c + 3*i + 300. Calculate the highest common divisor of c and 15.
15
Let r(v) be the second derivative of 2*v - 1/12*v**4 + 0 - 1/2*v**2 - 3/2*v**3. Let y be r(-5). What is the highest common factor of y and 19?
19
Let x(r) = -r**3 - 13*r**2 - 2*r - 28. Let j be x(-13). Let n be (6 + j)*(1 - 5/(-4)). Calculate the greatest common factor of n and 9.
9
Let o be (-1 + -19)/2 + (9 - 11). Let z be -2*(-2)/o - 19/(-3). Calculate the greatest common factor of z and 24.
6
Suppose 2*t - 3*t + 6 = 0. Let m be 12 + -10 + t + 1. Let i be 378/(-24)*1*-4. What is the greatest common divisor of m and i?
9
Let n be (-4)/(-12) + 1*(-1090)/(-15). Calculate the greatest common factor of 73 and n.
73
Let z = 868 + -346. What is the greatest common factor of 36 and z?
18
Let t(o) = 17*o**2 - o. Let m be t(-1). Let x(r) = r**3 - 21*r**2 + 35*r + 59. Let n be x(19). Calculate the highest common factor of m and n.
2
Let s(q) = -q**3 + 11*q**2 - 17*q + 48. Let w be s(7). What is the greatest common factor of w and 10?
5
Let b = 658 - 542. Let v be (1 - -2 - -1)/2. Suppose -2*r - v*p = -68, r - 5*p = -0*r + 4. What is the greatest common divisor of r and b?
29
Let a(r) = r**2 - 7*r + 8. Let k be a(6). Suppose -4*g + 14*l + 7 = 11*l, 5*g + 2*l - 3 = 0. What is the highest common factor of g and k?
1
Let t(m) = -m**3 + 28*m**2 + 2*m - 18. Let c be t(28). Let q be (5/(-2))/((-3)/114). What is the greatest common divisor of c and q?
19
Suppose -3*u = 17 + 13. Let l = 25 + u. Suppose -17*j + 230 = -l*j. Calculate the highest common factor of j and 46.
23
Let y be (1 + -1)*((-91)/(-14) - 7). Let u = 9 + y. What is the greatest common factor of 99 and u?
9
Let f be (129 - -10) + 1*-2 + -1. What is the highest common divisor of f and 4?
4
Let d = 445 - 293. Calculate the greatest common divisor of d and 57.
19
Let i be 588/20 - (-8)/(-20). Let c = -20 + i. Let d = 14 - c. What is the greatest common divisor of d and 40?
5
Suppose 10*l - 5*l = 60. Let j be (9/27)/(1/l). What is the highest common divisor of j and 12?
4
Let m(h) = 324*h**3 - h**2 - h + 1. Let y be m(1). Calculate the greatest common factor of y and 19.
19
Let z = -48 + 100. Let d be (-1036)/(-10) - (-4)/10. What is the greatest common divisor of z and d?
52
Suppose 2*h - 23 - 1 = 0. Let b = 1031 - 971. What is the highest common factor of b and h?
12
Let w be 444/33 - (-198)/363. Let u = -78 + 190. Calculate the greatest common factor of u and w.
14
Let g be (-5)/10 + 26/4. Suppose -12*q + g*q + 102 = 0. What is the greatest common divisor of q and 68?
17
Suppose 60*y = 389 + 103351. Calculate the highest common factor of y and 19.
19
Let j = 321 + -258. Calculate the greatest common divisor of j and 27.
9
Let k = 1048 + -985. Calculate the highest common divisor of k and 672.
21
Suppose -2*n - 24 = -y, 4*y - 4*n + 2*n = 72. Suppose h = t + y, -4*h + 2*t = 3*t - 39. What is the highest common factor of 209 and h?
11
Suppose 5*u - 4*u - 715 = 0. Suppose -5*l + 3*f + 715 = 0, 5*l - 3*f - u = -f. Let m = 11 + 2. Calculate the highest common divisor of l and m.
13
Suppose 3*d + 3276 = 5*a, 3*a + 6*d - 2*d - 1983 = 0. What is the greatest common factor of 9 and a?
9
Let c(i) = 2*i**3 + 146*i**2 - 139*i + 714. Let j be c(-74). Let k be (-124)/(-10) + (-2)/5. What is the greatest common divisor of k and j?
12
Let n be ((-11)/2)/((-6)/300). Calculate the highest common factor of n and 25.
25
Let x = -19 + 17. Let u be (-1)/(4/(1592/x)). Suppose -u = -2*i + 57. Calculate the greatest common divisor of 16 and i.
16
Let p(r) = -32*r - 34. Let h(y) = -y - 1. Let u(m) = -204*h(m) + 6*p(m). Let i be u(3). Calculate the greatest common divisor of i and 396.
36
Let d(q) = -q**2 + 21*q - 8. Let h be d(16). Suppose -7*i + 121 = -5. Calculate the highest common divisor of h and i.
18
Suppose 4*b = -3*d + 103 + 186, 447 = 5*d - 2*b. Let j be ((-18)/12)/(1/(-2)). Let y be 21/9 - 2 - (-38)/j. Calculate the highest common divisor of d and y.
13
Let v(q) = -q**3 + 11*q**2 - 12*q + 18. Let f be v(10). Let g be (198/(-72))/(f/32). What is the highest common divisor of 22 and g?
22
Suppose 3*j = 4*d - 2 + 60, 0 = j - 4*d - 22. Suppose 4*w = 5*w - j. Let n be (-4)/w - (-436)/18. What is the greatest common divisor of n and 3?
3
Suppose -3*a = -5*i - 3112, 242*a - 241*a + 4*i = 1009. What is the greatest common factor of a and 63?
21
Suppose 95 = -11*y + 117. Calculate the highest common divisor of 142 and y.
2
Let u = 6 + 114. Suppose 4*n + h - 101 = 0, -2*n - 5*h + 100 - 27 = 0. Calculate the highest common divisor of n and u.
24
Let g(z) = 2*z**2 - 7*z + 15. Let a be g(3). What is the greatest common factor of 6 and a?
6
Suppose 10 = -5*o, 4*c - 415 - 287 = -o. Suppose 2*l + 50 = 3*w, -3*w - 18*l = -22*l - 52. Calculate the highest common divisor of w and c.
16
Let r(j) = -2*j**2 + 2*j + 2. Let n be r(2). Let w be (3 - (-15)/n)*10/(-3). What is the greatest common factor of w and 60?
15
Let a be (90720/784)/((-6)/(-28)). Calculate the highest common divisor of a and 30.
30
Suppose 13*y - 14*y = -40. Suppose -36 = -0*d + d. Let k = 24 - d. What is the highest common divisor of k and y?
20
Let s(b) = 9*b**2 - 30*b + 143. Let j be s(6). Calculate the highest common divisor of 41 and j.
41
Let m = 443 - 391. Calculate the highest common divisor of 39 and m.
13
Let z be 266/21 - 1/(-3). Suppose 0*g - 20 = -4*g. Suppose -3*v = -2*c - 281, 3*v - g*c - 293 = -0*c. What is the highest common factor of v and z?
13
Let b = 772 + -447. What is the highest common divisor of 25 and b?
25
Let c(f) = -2 + 7*f - 3*f + f. Let r be c(2). Suppose -6*u + 21 + 123 = 0. Calculate the highest common factor of r and u.
8
Suppose 4*w - 8*w = -48. Suppose -2*f = -w - 2. What is the greatest common divisor of 63 and f?
7
Let w = 1188 - 999. Calculate the highest common divisor of w and 84.
21
Let l = -26 - -30. Suppose l*d + 0*d = 144. Calculate the greatest common factor of 4 and d.
4
Suppose 2*u = -4*k + 72, 1 - 5 = -u. Suppose -2*x + 22 = -0*x. Suppose t = 5 + x. What is the greatest common factor of t and k?
16
Suppose 0 = -5*s + 8*s + 3*m - 57, -s + m = -21. Calculate the highest common divisor of 60 and s.
20
Suppose v - 5 = 16. Suppose 4*g = v - 5. Suppose -3*w + 73 = 5*t, 10*w - 2*t = 6*w + 54. What is the greatest common factor of w and g?
4
Let m be ((-4)/8)/((-30)/(-312))*-40. What is the greatest common factor of 16 and m?
16
Suppose 78*w - 74*w = 516. What is the greatest common factor of w and 86?
43
Suppose -3*y - 9 = 0, 12*k - 4*y + 168 = 16*k. What is the greatest common factor of k and 25?
5
Let n(d) = -d**2 + 34*d - 238. Let i be n(10). Calculate the highest common factor of 22 and i.
2
Let m be (-38 - -36)*(0 + 413/(-2)). Calculate the greatest common divisor of 59 and m.
59
Let j(x) be the first derivative of -11*x**2/2 - 28*x + 4. Let o be j(-8). Calculate the greatest common divisor of 10 and o.
10
Suppose -2*q + 23534 = -2*z, -3517 = -q + 5*z + 8238. Let v be 1/(-6) + q/60. Calculate the greatest common divisor of 28 and v.
28
Suppose -5*y - 3*c - 2*c = -445, y - 3*c = 101. Suppose 3*n - 5*q - y = 0, -2*n + 19 + 51 = q. Calculate the highest common divisor of 272 and n.
34
Let r(p) = 2*p**2 - 21*p + 51. Let l be r(12). Calculate the greatest common factor of 3 and l.
3
Suppose 3 = 3*n - 18. Let s be (-10)/(-8) - 6*(-8)/64. Suppose -s*b = 11 - 13. What is the greatest common divisor of n and b?
1
Suppose -5*s + 3*s + 12 = 0. Let n be (s/2)/((-13)/(-39)). Calculate the highest common factor of 9 and n.
9
Let r(x) = x**2 - 2*x. Let y = 4 